{"id":1902,"date":"2010-10-07T11:44:25","date_gmt":"2010-10-07T11:44:25","guid":{"rendered":"http:\/\/marciusvitale.com.br\/?page_id=2"},"modified":"2020-10-02T15:24:27","modified_gmt":"2020-10-02T15:24:27","slug":"sobre","status":"publish","type":"page","link":"http:\/\/marciusvitale.com.br\/?page_id=1902","title":{"rendered":"Sobre"},"content":{"rendered":"<p style=\"text-align: center;\"><em><strong>MARCIUS VITALE\u00a0\u2013 Engenheiro, Consultor, Palestrante e M\u00fasico<\/strong><\/em><br \/>\n<em><strong> marcius@vitaleweb.com.br<\/strong><\/em><\/p>\n<p style=\"text-align: center;\"><strong><em>Linkedin<\/em><\/strong><\/p>\n<p style=\"text-align: center;\"><strong>\u00a0<\/strong><a href=\"http:\/\/br.linkedin.com\/pub\/marcius-vitale\/7\/155\/533\/\">br.linkedin.com\/pub\/marcius-vitale\/7\/155\/533\/<\/a><\/p>\n<p style=\"text-align: center;\"><em><strong>Blog<\/strong>\u00a0<\/em><\/p>\n<p style=\"text-align: center;\">\u00a0<a href=\"http:\/\/marciusvitale.com.br\/\">www.marciusvitale.com.br<\/a><\/p>\n<p style=\"text-align: center;\"><em><strong>Site<\/strong><\/em><\/p>\n<p style=\"text-align: center;\">\u00a0<a href=\"http:\/\/www.vitaleweb.com.br\/\">www.vitaleweb.com.br<\/a><\/p>\n<p style=\"text-align: center;\"><em><strong>Fan Page Facebook<\/strong>\u00a0<\/em><\/p>\n<p style=\"text-align: center;\">\u00a0<a href=\"http:\/\/www.facebook.com\/PalestraTocandoSuaEmpresa?fref=ts\">http:\/\/www.facebook.com\/PalestraTocandoSuaEmpresa?fref=ts<\/a><\/p>\n<p style=\"text-align: center;\"><em><strong>Resumo Profissional<\/strong><\/em><\/p>\n<p style=\"text-align: center;\"><em><strong>Forma\u00e7\u00e3o Acad\u00eamica<\/strong><\/em><\/p>\n<p style=\"text-align: center;\"><em><strong>Inatel- Instituto Nacional de Telecomunica\u00e7\u00f5es<\/strong><\/em><\/p>\n<p style=\"text-align: center;\"><em><strong>Eng. Telecomunica\u00e7\u00f5es,\u00a0Engenharia de Telecomunica\u00e7\u00f5es, 1969<\/strong><\/em>.<\/p>\n<p style=\"text-align: center;\"><em><strong>Inatel &#8211; Instituto Nacional de Telecomunica\u00e7\u00f5es<\/strong><\/em><\/p>\n<p style=\"text-align: center;\"><em><strong>Eng. Eletricista,\u00a0Engenharia El\u00e9trica \/Eletr\u00f4nica,<\/strong><strong>\u00a01975<\/strong><\/em>.<\/p>\n<p style=\"text-align: center;\"><em><strong>Universidade de Bras\u00edlia<\/strong><\/em><\/p>\n<p style=\"text-align: center;\"><em><strong>Engenharia de Seguran\u00e7a<\/strong><\/em>,<em><strong>\u00a01984<\/strong><\/em>.<\/p>\n<p style=\"text-align: center;\"><strong>Atividades Profissionais:<\/strong><\/p>\n<p>Nas empresas do Sistema Telebr\u00e1s que trabalhou, atuou como Gestor e Diretor, nas \u00e1reas de, planejamento, projetos, implanta\u00e7\u00e3o, opera\u00e7\u00e3o, manuten\u00e7\u00e3o e aceita\u00e7\u00e3o de redes, equipamentos e sistemas.<\/p>\n<p style=\"text-align: center;\"><em><strong>Operadoras de Telecomunica\u00e7\u00f5es para as quais trabalhou:<\/strong><\/em><\/p>\n<p>&#8211; <em><strong>Embratel<\/strong><\/em> &#8211; Empresa Brasileira de Telecomunica\u00e7\u00f5es;<\/p>\n<p>&#8211; <em><strong>Telemig<\/strong> <\/em>&#8211; Telecomunica\u00e7\u00f5es de Minas Gerais;<\/p>\n<p>&#8211;<em><strong> Cotesp<\/strong><\/em> &#8211; Companhia de Telecomunica\u00e7\u00f5es do Estado de S\u00e3o Paulo;<\/p>\n<p>&#8211; <em><strong>Telebras\u00edlia<\/strong><\/em> &#8211; Telecomunica\u00e7\u00f5es de Bras\u00edlia;<\/p>\n<p>&#8211; <em><strong>Telpe<\/strong><\/em> &#8211; Telecomunica\u00e7\u00f5es do Pernambuco;<\/p>\n<p>&#8211; <em><strong>Telebr\u00e1s<\/strong><\/em> &#8211; Telecomunica\u00e7\u00f5es Brasileiras.<\/p>\n<p style=\"text-align: center;\"><em><strong>Principais Trabalhos Realizados<\/strong><\/em>:<\/p>\n<p>&#8211; <em><strong>Trabalhos coordenados na Embratel<\/strong><\/em> (1970):<\/p>\n<p>Gerenciamento do Centro de Televis\u00e3o da Operadora em Salvador \u2013 Bahia.<\/p>\n<p>Respons\u00e1vel pela gest\u00e3o e testes no sistema de micro ondas do tronco nordeste \u2013 trecho de Vit\u00f3ria da Conquista a Aracaj\u00fa.<\/p>\n<p>&#8211; <em><strong>Trabalhos coordenados na Telemig<\/strong><\/em> (1971):<\/p>\n<p>Respons\u00e1vel pela coordena\u00e7\u00e3o de servi\u00e7os de expans\u00e3o, ano de 1971\/72.<\/p>\n<p>Colaborou no processo de compra de empresas privadas municipais de telefonia no estado de Minas Gerais, per\u00edodo de cria\u00e7\u00e3o da Telebr\u00e1s.<\/p>\n<p>&#8211; <em><strong>Trabalhos realizados na Cotesp<\/strong><\/em> \u2013 Companhia de Telecomunica\u00e7\u00f5es do Estado de S\u00e3o Paulo (1973 \/ 1974)<\/p>\n<p>Colaborou na estrutura\u00e7\u00e3o, planejamento, projetos, implanta\u00e7\u00e3o, de redes telef\u00f4nicas, implantadas em cerca de 100 localidades no estado de S\u00e3o Paulo.<\/p>\n<p>No per\u00edodo de 1975 a 1979 \u2013 trabalhou em diversas empresas da iniciativa privada.<\/p>\n<p>&#8211; <em><strong>Principais trabalhos desenvolvidos na Telebras\u00edlia<\/strong> <\/em>(Per\u00edodo 1979 \u00e0 1985)<\/p>\n<p>Respons\u00e1vel pela implanta\u00e7\u00e3o de redes telef\u00f4nicas, mais constru\u00e7\u00e3o de canaliza\u00e7\u00e3o subterr\u00e2nea em toda \u00e1rea do Distrito Federal.<\/p>\n<p>Respons\u00e1vel pela realiza\u00e7\u00e3o de servi\u00e7os de fiscaliza\u00e7\u00e3o de empreiteiras, prestadoras de servi\u00e7os \u00e0 Telebras\u00edlia.<\/p>\n<p>Respons\u00e1vel pela aceita\u00e7\u00e3o de obras realizadas por empreiteiras \u00e0 Telebras\u00edlia.<\/p>\n<p>&#8211; <em><strong>Trabalhos realizados na Telpe<\/strong><\/em> &#8211; (a convite da Telebr\u00e1s, assumiu o cargo de Diretor de Opera\u00e7\u00f5es da Operadora em 1991)<\/p>\n<p>Como<em><strong> Diretor de Opera\u00e7\u00f5es da Operadora<\/strong><\/em>, colaborou na estrutura\u00e7\u00e3o do Programa de Recupera\u00e7\u00e3o da TELPE, implementado a partir de 1991.<\/p>\n<p>&#8211; <em><strong>Trabalhos realizados na Telebr\u00e1s<\/strong><\/em> (1985 \u00e0 1995):<\/p>\n<p>Como chefe da \u00e1rea de \u201c<em><strong>Gest\u00e3o de Desempenho de Produtos da Telebr\u00e1s\u201d<\/strong><\/em> , suas atribui\u00e7\u00f5es eram direcionadas para a melhoria dos produtos e equipamentos utilizados pelas 28 empresas operadoras estaduais mais a Embratel, nos segmentos de comuta\u00e7\u00e3o, transmiss\u00e3o, redes externas, energia, infraestrutura e sistemas.<\/p>\n<p>Como chefe da \u00e1rea de \u201c<em><strong>Articula\u00e7\u00e3o com Fornecedores da Telebr\u00e1s<\/strong><\/em>\u201d, foi o respons\u00e1vel pela Qualifica\u00e7\u00e3o\u00a0T\u00e9cnica e Certifica\u00e7\u00e3o de Produtos, Equipamentos e Sistemas adquiridos pelas 28 Empresas Operadoras Estaduais mais Embratel.<\/p>\n<p>Controlou com sua equipe de t\u00e9cnicos e engenheiros cerca de <em><strong>170 fornecedores e fabricantes de produtos e equipamentos, <\/strong><\/em>para as 28 empresas operadoras estaduais mais Embratel.<\/p>\n<p>Tamb\u00e9m foi o respons\u00e1vel direto pela \u201c<em><strong>Avalia\u00e7\u00e3o de Qualidade de Servi\u00e7os Prestados<\/strong><\/em>\u201d\u00a0 pelas 380 empresas prestadoras de servi\u00e7os no segmento de redes externas, para as Operadoras do Sistema Telebr\u00e1s.<\/p>\n<p style=\"text-align: center;\"><em><strong>Iniciativa Privada<\/strong><\/em>:<\/p>\n<p>Fo<strong>i <em>Diretor T\u00e9cnico e de Opera\u00e7\u00f5es<\/em><\/strong> das seguintes empresas:<\/p>\n<p>&#8211;<em><strong> Setel<\/strong><\/em> \u2013 Servi\u00e7os T\u00e9cnicos em Eletricidade;<\/p>\n<p>&#8211; <em><strong>Egel<\/strong><\/em> &#8211; Eletrifica\u00e7\u00e3o e Telecomunica\u00e7\u00f5es;<\/p>\n<p>&#8211; <em><strong>Etel<\/strong> <\/em>\u2013 Engenharia de Telecomunica\u00e7\u00f5es;<\/p>\n<p>&#8211; <em><strong>Splice<\/strong><\/em>;<\/p>\n<p>&#8211; <em><strong>Drytec<\/strong><\/em> \u2013 Sistemas de Pressuriza\u00e7\u00e3o e Sistemas.<\/p>\n<p style=\"text-align: center;\"><em><strong>Principais Obras Realizadas\u00a0<\/strong><\/em><\/p>\n<p style=\"text-align: center;\"><em><strong>Projetos e c<\/strong><strong>onstru\u00e7\u00e3o das redes telef\u00f4nicas \u2013 obras civis e cabos:<\/strong><\/em><\/p>\n<p>Registro, Peru\u00edbe, Ca\u00e7apava, Caraguatatuba, Paraty, Ilha Solteira, Pereira Barreto, Jales, Macaubal, Sud Mennucci, Gal Salgado, S. Jos\u00e9 do Rio Preto, Santo Andr\u00e9, Resende, Barra Mansa, Tr\u00eas Rios, Campos, Itaperuna, Guaxup\u00e9, Passos, C\u00e1ssia, Oliveira, Lavras, Piuim I, Formiga, Serrinha, Senhor do Bonfim, Vit\u00f3ria da Conquista, Vit\u00f3ria, Rio de Janeiro \u00a0 \u00a0 \u00a0 \u00a0 \u00a0 \u00a0 \u00a0 \u00a0 \u00a0 \u00a0 \u00a0 \u00a0(manuten\u00e7\u00e3o da rede telef\u00f4nica), Rio de Janeiro (implanta\u00e7\u00e3o do sistema de monitora\u00e7\u00e3o de pressuriza\u00e7\u00e3o), Metr\u00f4 de S\u00e3o Paulo (implanta\u00e7\u00e3o da primeira rede telef\u00f4nica interligando esta\u00e7\u00f5es).<\/p>\n<p style=\"text-align: center;\"><em><strong>Vitale Consultoria &amp; Intelig\u00eancia de Neg\u00f3cios &#8211; CEO\u00a0<\/strong><\/em><\/p>\n<p style=\"text-align: center;\"><em><strong>Vitaleweb &#8211; CEO<\/strong><\/em><\/p>\n<p><em><strong>1995 &#8211; Presente<\/strong><\/em><\/p>\n<p>Como <em><strong>Engenheiro &amp;<\/strong><\/em>\u00a0<em><strong>Consultor<\/strong><\/em> \u00e9 respons\u00e1vel por:<\/p>\n<p>&#8211; Intelig\u00eancia de neg\u00f3cios.<br \/>\n&#8211; Prospec\u00e7\u00e3o de novos mercados.<br \/>\n&#8211; Especialista em infraestrutura de redes telecomunica\u00e7\u00f5es.<br \/>\n&#8211; Microtecnologia.<br \/>\n&#8211; Parcerias estrat\u00e9gicas.<br \/>\n&#8211; Resolu\u00e7\u00e3o de conflitos.<br \/>\n&#8211; P&amp;D &#8211; desenvolvimento de novos produtos.<br \/>\n&#8211; Coordena\u00e7\u00e3o de testes operacionais de campo para valida\u00e7\u00e3o de novas tecnologias.<br \/>\n&#8211; Consultoria em engenharia de seguran\u00e7a.<br \/>\n&#8211; Treinamento e certifica\u00e7\u00e3o de m\u00e3o de obra.<br \/>\n&#8211; An\u00e1lises, fiscaliza\u00e7\u00e3o e auditorias t\u00e9cnicas em infraestrutura de telecomunica\u00e7\u00f5es.<\/p>\n<p style=\"text-align: center;\">Como <em><strong>Palestrante\u00a0<\/strong><\/em><\/p>\n<p style=\"text-align: center;\"><em><strong>Palestras Motivacionais<\/strong><\/em><\/p>\n<p>Vem realizando eventos voltados \u00e0 Gest\u00e3o de Empresas, com suas palestras motivacionais \u00a0&#8211; <em><strong>Tocando sua Empresa e Gest\u00e3o Multim\u00eddia<\/strong><\/em> e palestras focadas em <em><strong>Supera\u00e7\u00e3o e Qualidade de Vida.<\/strong><\/em><\/p>\n<p style=\"text-align: center;\"><em><strong>\u00a0Palestras T\u00e9cnicas\u00a0<\/strong><\/em><\/p>\n<p>Abordando o tema <em><strong>Infraestrutura de Telecomunica\u00e7\u00f5es<\/strong> <\/em>apresenta: dicas, planejamento estrat\u00e9gico, solu\u00e7\u00f5es e recomenda\u00e7\u00f5es t\u00e9cnicas, projetos, implanta\u00e7\u00e3o, fiscaliza\u00e7\u00e3o, manuten\u00e7\u00e3o, auditorias, treinamento da m\u00e3o de obra, certifica\u00e7\u00e3o de produtos, seguran\u00e7a no trabalho e introdu\u00e7\u00e3o de novas tecnologias no Brasil.<\/p>\n<p>Com sua empresa <em><strong>VitaleWeb &#8211; Marketing Digital e Eventos<\/strong><\/em> &#8211; desenvolve trabalhos focados em Comunica\u00e7\u00e3o &amp; Marketing Digital &amp; Inbound Marketing.<\/p>\n<p><em><strong>Presidente da<\/strong> <strong>Adinatel &#8211; Associa\u00e7\u00e3o dos Diplomados do Inatel<\/strong> <\/em>&#8211; entidade que conta com 8 mil engenheiros associados formados no Instituto Nacional de Telecomunica\u00e7\u00f5es.<\/p>\n<p style=\"text-align: center;\">\u00a0<em><strong>Outras Atividades Desenvolvidas<\/strong><\/em><\/p>\n<p><em><strong>Ex Diretor de Rela\u00e7\u00f5es P\u00fablicas da ABA<\/strong><\/em> &#8211; <em><strong>Associa\u00e7\u00e3o Brasileira de Aeromodelismo.<\/strong><\/em><\/p>\n<p><em><strong>Ex Presidente da Associa\u00e7\u00e3o Senta a Pua de Aeromodelismo de Bras\u00edlia<\/strong><\/em>.<\/p>\n<p style=\"text-align: left;\"><em><strong>Membro do Conselho Tecnol\u00f3gico do SEESP &#8211; Sindicato dos Engenheiros do Estado de S\u00e3o Paulo.<\/strong><\/em><\/p>\n<p><em><strong>Coordenador do Grupo de Infraestrutura do SEESP &#8211; Sindicato dos Engenheiros do Estado de S\u00e3o Paulo.<\/strong><\/em><\/p>\n<div id=\"ember1560\" class=\"pv-entity__extra-details t-14 t-black--light ember-view\">\n<p style=\"text-align: center;\"><em><strong>Principais Clientes Atendidos:<\/strong><\/em><\/p>\n<p class=\"pv-entity__description t-14 t-black t-normal inline-show-more-text ember-view\" style=\"text-align: center;\"><em><strong>Consultoria T\u00e9cnica &amp; Ag\u00eancia Digital<\/strong><\/em><\/p>\n<p>Telef\u00f4nica &#8211; Vivo<br \/>\n3M<br \/>\nCPQD<br \/>\nShell Brasil<br \/>\nBr Turbo &#8211; IG<br \/>\nGrupo Emerson<br \/>\nTE &#8211; Tyco Electronics<br \/>\nBaytec<br \/>\nImpsat<br \/>\nAltitude Software<br \/>\nSiecor<br \/>\nKrone<br \/>\nTechnnet &#8211; Engenheiros Associados<br \/>\nLeadership<br \/>\nNCC &#8211; Certifica\u00e7\u00f5es<br \/>\nITC<br \/>\nPMovil<br \/>\nParks<br \/>\nVis\u00e3o Comunica\u00e7\u00f5es<br \/>\nDHL<br \/>\nCyclelogic<br \/>\nNera<br \/>\nInatel<br \/>\nBrasil Telecom<br \/>\nFitec<br \/>\nFourcomm<br \/>\nCorning Brasil<br \/>\nHellermanntyton<br \/>\nWFI<br \/>\nAtiva Solu\u00e7\u00f5es<br \/>\nTrix Engenharia<br \/>\nDrytec<br \/>\nPLP<br \/>\nTecnoposte<br \/>\nPolierg<br \/>\nCardinalli<br \/>\nBrasmell<br \/>\nCCO<br \/>\nEtelbr\u00e1s<br \/>\nItibra<br \/>\nNetworker Telecom<br \/>\nTellabs<br \/>\nEvolcomm<br \/>\nConnecthouse<br \/>\nDraka Contec<br \/>\nGrupo Granero<br \/>\nGrupo Brasil Rio<br \/>\nIdeal Antenas<br \/>\nCompera<br \/>\nOmega Grupo<br \/>\nKanaflex<br \/>\nPortobelo<br \/>\nInstituto Genius &#8211; Gradiente<br \/>\nSeesp &#8211; Sindicato dos Engenheiros do Estado de S\u00e3o Paulo<br \/>\nAbeprest &#8211;\u00a0Associa\u00e7\u00e3o Brasileira das Empresas Prestadoras Servi\u00e7os<br \/>\nAdinatel &#8211; Associa\u00e7\u00e3o dos Diplomados do Inatel<br \/>\nAbraforte &#8211; Associa\u00e7\u00e3o Brasileira para Fomento de Neg\u00f3cios<br \/>\nEPTV &#8211; Emissoras Pioneiras de Televis\u00e3o &#8211; filiada da Rede Globo<br \/>\nEBL<br \/>\nInstituto Atl\u00e2ntico<br \/>\nVenturus<br \/>\nMexichem &#8211; Duraline<\/p>\n<p class=\"pv-entity__description t-14 t-black t-normal inline-show-more-text ember-view\" style=\"text-align: center;\">\n<p style=\"text-align: center;\"><em><strong>Palestras Motivacionais e T\u00e9cnicas<\/strong><\/em>:<\/p>\n<p>Banco Santander<br \/>\nPrefeitura de S\u00e3o Paulo &#8211; Convias<br \/>\nRevista RTI &#8211; Editora Aranda<br \/>\nTelebr\u00e1s &#8211; Telecomunica\u00e7\u00f5es Brasileiras<br \/>\nEnel Energia<br \/>\nAbrint &#8211; Associa\u00e7\u00e3o Brasileira Provedores Internet e Telecomunica\u00e7\u00f5es<br \/>\nUnip &#8211; Universidade Paulista<br \/>\nVermeer<br \/>\nC\u00e2mara dos Vereadores S\u00e3o Paulo<br \/>\nMomento Editorial<br \/>\nRotary Club<br \/>\nDeinfra\/Fiesp &#8211; Departamento Infraestrutura Federa\u00e7\u00e3o das Industrias de SP<br \/>\nCrea MG e Crea SP<br \/>\nAtl\u00e2ntica Hotels<br \/>\nFacesm &#8211; Faculdade de Ci\u00eancias Sociais Aplicadas do Sul de Minas<br \/>\nUniv\u00e1s &#8211; Universidade do Vale do Sapucai<br \/>\nAmex &#8211; American Express<br \/>\nSeal Telecom<br \/>\nSiemens<br \/>\nCenturylink<br \/>\nUNA &#8211; Universidade<br \/>\nSEBRAE<br \/>\nTE &#8211; Tyco Electronics<br \/>\nVenturus<br \/>\nVermeer<br \/>\nInatel &#8211; Instituto Nacional de Telecomunica\u00e7\u00f5es<br \/>\nCiesp &#8211; Centro das Industrias do Estado de SP<br \/>\nMexichem &#8211; Duraline<br \/>\nArsesp &#8211; COE &#8211; Ag\u00eancia de Saneamento e Energia do Estado de SP<br \/>\nSeesp &#8211; Sindicato dos Engenheiros do Estado de SP<br \/>\nAbeprest &#8211; Associa\u00e7\u00e3o Brasileira das Empresas Prestadoras Servi\u00e7os<br \/>\nCNTU &#8211; Confedera\u00e7\u00e3o dos Profissionais Liberais Universit\u00e1rios<br \/>\nACIA &#8211; Associa\u00e7\u00e3o Comercial Industrial de Araraquara<br \/>\nCEPAC<\/p>\n<p class=\"pv-entity__description t-14 t-black t-normal inline-show-more-text ember-view\" style=\"text-align: center;\">\n<\/div>\n<p>[\/av_textblock]<\/p>\n","protected":false},"excerpt":{"rendered":"<p>MARCIUS VITALE\u00a0\u2013 Engenheiro, Consultor, Palestrante e M\u00fasico marcius@vitaleweb.com.br Linkedin \u00a0br.linkedin.com\/pub\/marcius-vitale\/7\/155\/533\/ Blog\u00a0 \u00a0www.marciusvitale.com.br Site \u00a0www.vitaleweb.com.br Fan Page Facebook\u00a0 \u00a0http:\/\/www.facebook.com\/PalestraTocandoSuaEmpresa?fref=ts Resumo Profissional Forma\u00e7\u00e3o Acad\u00eamica Inatel- Instituto Nacional de Telecomunica\u00e7\u00f5es Eng. Telecomunica\u00e7\u00f5es,\u00a0Engenharia de Telecomunica\u00e7\u00f5es, 1969. Inatel &#8211; Instituto Nacional de Telecomunica\u00e7\u00f5es Eng. Eletricista,\u00a0Engenharia El\u00e9trica \/Eletr\u00f4nica,\u00a01975. Universidade de Bras\u00edlia Engenharia de Seguran\u00e7a,\u00a01984. Atividades Profissionais: Nas empresas do Sistema Telebr\u00e1s &hellip; <\/p>\n<p><a class=\"more-link block-button\" href=\"http:\/\/marciusvitale.com.br\/?page_id=1902\">Continue lendo &raquo;<\/a><\/p>\n","protected":false},"author":2,"featured_media":0,"parent":0,"menu_order":0,"comment_status":"open","ping_status":"open","template":"","meta":[],"_links":{"self":[{"href":"http:\/\/marciusvitale.com.br\/index.php?rest_route=\/wp\/v2\/pages\/1902"}],"collection":[{"href":"http:\/\/marciusvitale.com.br\/index.php?rest_route=\/wp\/v2\/pages"}],"about":[{"href":"http:\/\/marciusvitale.com.br\/index.php?rest_route=\/wp\/v2\/types\/page"}],"author":[{"embeddable":true,"href":"http:\/\/marciusvitale.com.br\/index.php?rest_route=\/wp\/v2\/users\/2"}],"replies":[{"embeddable":true,"href":"http:\/\/marciusvitale.com.br\/index.php?rest_route=%2Fwp%2Fv2%2Fcomments&post=1902"}],"version-history":[{"count":10,"href":"http:\/\/marciusvitale.com.br\/index.php?rest_route=\/wp\/v2\/pages\/1902\/revisions"}],"predecessor-version":[{"id":2833,"href":"http:\/\/marciusvitale.com.br\/index.php?rest_route=\/wp\/v2\/pages\/1902\/revisions\/2833"}],"wp:attachment":[{"href":"http:\/\/marciusvitale.com.br\/index.php?rest_route=%2Fwp%2Fv2%2Fmedia&parent=1902"}],"curies":[{"name":"wp","href":"https:\/\/api.w.org\/{rel}","templated":true}]}}